hat is -316a - 4?
-3173
In base 4, what is 231032 - -3?
231101
In base 13, what is 2a4 + 3?
2a7
In base 8, what is -3 - 4053?
-4056
In base 13, what is 2068 + -5?
2063
In base 16, what is 2 + 0?
2
In base 14, what is -7 - -6?
-1
In base 14, what is 2d2a + 1?
2d2b
In base 9, what is 30 - -12?
42
In base 14, what is 18c9 - 0?
18c9
In base 9, what is -1423 + 1?
-1422
In base 14, what is -a66 - -2?
-a64
In base 7, what is -1654 - -3?
-1651
In base 10, what is 5 + 306?
311
In base 10, what is 263 - 9?
254
In base 6, what is 440 - 41?
355
In base 2, what is 10 + 110011001?
110011011
In base 10, what is 657 - 5?
652
In base 14, what is 13 - 36?
-23
In base 10, what is -142 - -5?
-137
In base 12, what is 4 + -12a8?
-12a4
In base 6, what is -11322 - 1?
-11323
In base 15, what is -2 + -5?
-7
In base 14, what is 4 - -167?
16b
In base 15, what is 4 - a6?
-a2
In base 5, what is 41 + -13?
23
In base 13, what is -108 - 7?
-112
In base 14, what is 698b + 0?
698b
In base 2, what is 0 + 111010?
111010
In base 7, what is 101 + -24?
44
In base 13, what is -1 + -546?
-547
In base 7, what is -3 - -2453?
2450
In base 15, what is -29c - -2?
-29a
In base 13, what is 28 + a?
35
In base 11, what is -5 - -73?
69
In base 8, what is -10 - -15?
5
In base 16, what is 8 - -2e?
36
In base 10, what is 5 + -409?
-404
In base 11, what is -73 - -25?
-49
In base 7, what is -60 - 26?
-116
In base 12, what is -31a + 5?
-315
In base 6, what is -150 - 35?
-225
In base 8, what is 0 + 20?
20
In base 14, what is c + 87?
95
In base 9, what is -542 + -1?
-543
In base 12, what is -1864 + -4?
-1868
In base 9, what is -521 + -5?
-526
In base 5, what is 204 - -114?
323
In base 7, what is -50 - -13?
-34
In base 4, what is 12311 + 22?
12333
In base 7, what is 110 + 6?
116
In base 6, what is 10243 - 2?
10241
In base 2, what is 100 + -1010111000100?
-1010111000000
In base 5, what is 1 - -210?
211
In base 5, what is -4 + -214?
-223
In base 12, what is -55 + 4?
-51
In base 14, what is -10 - -63?
53
In base 10, what is -230 + -2?
-232
In base 2, what is 0 - -11011?
11011
In base 9, what is -17 + 27?
10
In base 6, what is -113 - 2?
-115
In base 7, what is -624 - 3?
-630
In base 15, what is -1 + 321?
320
In base 8, what is -40 + 76?
36
In base 4, what is 2 - -1213?
1221
In base 6, what is 4443 + 1?
4444
In base 2, what is -101011111 - -1?
-101011110
In base 9, what is 11 - -4?
15
In base 3, what is -12222 + 1111?
-11111
In base 14, what is a + -31?
-25
In base 15, what is 19 - -2b?
45
In base 14, what is 593 + 2?
595
In base 15, what is -1 - 36?
-37
In base 5, what is 2041 - -30?
2121
In base 2, what is -1001000100 + -11?
-1001000111
In base 16, what is -6 + 157?
151
In base 16, what is -7 - e9?
-f0
In base 15, what is 5 + 71?
76
In base 11, what is 1 - -3a9?
3aa
In base 10, what is 1 + 99?
100
In base 6, what is 0 + 13244?
13244
In base 13, what is 0 + 15a?
15a
In base 2, what is 11011001 - 10?
11010111
In base 10, what is 0 + 10?
10
In base 7, what is -3 + 115?
112
In base 4, what is 3 - 1233?
-1230
In base 7, what is -12 + -1?
-13
In base 11, what is 2 + 1427?
1429
In base 4, what is 3 - 1033200?
-1033131
In base 10, what is -13 - -8?
-5
In base 4, what is 11 + -102203?
-102132
In base 2, what is 0 + 10010011100?
10010011100
In base 2, what is -10101011010 - -10?
-10101011000
In base 3, what is -12 + -1012221?
-1020010
In base 15, what is -1 - 1e?
-20
In base 11, what is a1 - -4?
a5
In base 14, what is 152 - -7?
159
In base 5, what is 102110 + 2?
102112
In base 14, what is 0 - -1908?
1908
In base 16, what is 0 - -1fa?
1fa
In base 16, what is 4 - 17?
-13
In base 9, what is 5 + -4?
1
In base 7, what is 2 + -1026?
-1024
In base 15, what is -144 - -4?
-140
In base 7, what is -444 - 2?
-446
In base 10, what is -1716 + 4?
-1712
In base 9, what is 4 + -5261?
-5256
In base 16, what is -a8b + 5?
-a86
In base 15, what is c + 2?
e
In base 14, what is -12 - -4?
-c
In base 16, what is 2 - 200?
-1fe
In base 14, what is -9 + 2b?
22
In base 13, what is 1 + b2?
b3
In base 4, what is -331 + 103?
-222
In base 8, what is -12416 - -5?
-12411
In base 11, what is 43 + 5?
48
In base 6, what is 23 - 4?
15
In base 9, what is 5 + 127?
133
In base 6, what is -2 + 13?
11
In base 13, what is -a + 170?
163
In base 10, what is -33172 - -2?
-33170
In base 15, what is 2ca8 - 3?
2ca5
In base 2, what is 110011 - -10?
110101
In base 16, what is -3 - -61?
5e
In base 16, what is d1 - -2?
d3
In base 11, what is 41 - 4?
38
In base 8, what is 44041 + 2?
44043
In base 2, what is 1100 + -1?
1011
In base 3, what is -1001121 + 111?
-1001010
In base 13, what is -82 + -23?
-a5
In base 13, what is 4 - 36?
-32
In base 16, what is -3e6 - 4?
-3ea
In base 16, what is 20f - -8?
217
In base 10, what is 30 + -2?
28
In base 8, what is -6 - -1?
-5
In base 4, what is 12020 - 3?
12011
In base 10, what is 2 - 1332?
-1330
In base 8, what is -3 + 55?
52
In base 4, what is -12 + 3032?
3020
In base 8, what is -500 - -1?
-477
In base 5, what is -10 - 1403?
-1413
In base 12, what is -19 + 6?
-13
In base 16, what is -8 + 10?
8
In base 15, what is 4 + -1d?
-19
In base 10, what is -118 + -3?
-121
In base 13, what is 26 + 128?
151
In base 12, what is 3a + -3a?
0
In base 3, what is 22101 + 100?
22201
In base 8, what is -3 + 354?
351
In base 7, what is -144 - -113?
-31
In base 10, what is -3 - 2352?
-2355
In base 16, what is -5 - -b3?
ae
In base 9, what is 0 + -177?
-177
In base 9, what is 3 + 168?
172
In base 14, what is -10 + 85?
75
In base 16, what is -e - 9a?
-a8
In base 14, what is 8c9 + -1?
8c8
In base 9, what is 6373 + 2?
6375
In base 14, what is -1576 - -3?
-1573
In base 3, what is 12 - -1120120?
1120202
In base 5, what is 1 + -211?
-210
In base 9, what is 7 - -248?
256
In base 6, what is -3 - -24?
21
In base 7, what is -23 + 5?
-15
In base 12, what is -99 + -77?
-154
In base 3, what is 10 - -20021?
20101
In base 12, what is 8 + -a?
-2
In base 2, what is -11010100 - -101?
-11001111
In base 13, what is 71 - 3?
6b
In base 10, what is 0 - -417?
417
In base 2, what is 1111 + -10010?
-11
In base 12, what is -13b + 4?
-137
In base 5, what is 121432 + -14?
121413
In base 15, what is -4 + 142?
13d
In base 15, what is 0 + -32?
-32
In base 13, what is b4 + -4?
b0
In base 9, what is -14 + -122?
-136
In base 13, what is -61 - -22?
-3c
In base 16, what is -2 + -ba?
-bc
In base 2, what is 101 + 111111100?
1000000001
In base 10, what is 12 + -136?
-124
In base 10, what is -20 + -2?
-22
In base 9, what is 127 + 3?
131
In base 7, what is 4 + -51?
-44
In base 15, what is 38 + -7?
31
In base 2, what is -11000 + -10010010?
-10101010
In base 2, what is 1 + -1011000000110?
-1011000000101
In base 11, what is 2 + 1296?
1298
In base 15, what is -e1 + -5?
-e6
In base 8, what is -35 - -111?
54
In base 14, what is -20 - 3?
-23
In base 4, what is -3 + -30022?
-30031
In base 11, what is -26 - 0?
-26
In base 3, what is -2 - 1202?
-1211
In base 10, what is -23 - 3?
-26
In base 15, what is -7 + 4?
-3
In base 11, what is -1 - a6?
-a7
In base 5, what is -3 + 111?
103
In base 16, what is 105 + 1?
106
In base 9, what is -3 + 3?
0
In base 7, what is 20 - -5?
25
In base 12, what is 47a - 21?
459
In base 4, what is -2 - -232?
230
In base 4, what is 30 - 30111?
-30021
In base 7, what is 0 + -1423?
-1423
In base 13, what is -17 - 33?
-4a
In base 9, what is 18 + -214?
-185
In base 16, what is 3 - -d3?
d6
In base 14, what is 2 + 45?
47
In base 7, what is -12335 + 5?
-12330
In base 8, what is -56 - -5?
-51
In base 7, what is 13 + 10016?
10032
In base 15, what is -1 + -154?
-155
In base 3, what is 2111201000 - 12?
2111200211
In base 3, what is 11 + 2010212?
2011000
In base 16, what is 4 - -3c?
40
In base 4, what is 11233 - 1001?
10232
In base 2, what is -11011101 - -10?
-11011011
In base 10, what is 5 - 576?
-571
In base 16, what is 1c + -35?
-19
In base 4, what is 32 - -31?
123
In base 5, what is -1 + -1013?
-1014
In base 16, what is 4 + -93?
-8f
In base 11, what is 64 + 2?
66
In base 3, what is -1 - 12022?
-12100
In base 6, what is -13414 + -4?
-13422
In base 2, what is -10100110 - -101?
-10100001
In base 16, what is -3 - -2cc?
2c9
In base 12, what is -1 + 4a?
49
In base 16, what is 2 - -702?
704
In base 12, what is -4a0 + -2?
-4a2
In base 9, what is 2138 - 1?
2137
In base 7, what is 644 - -4?
651
In b